n(h) = 3*h + 17. Let k(z) = -19. Let w(g) = -k(g) - n(g). What is w(-7)?
23
Suppose -b = 5 - 0. Let o(y) be the first derivative of 2*y**3/3 + 4*y**2 + 4*y + 72. Determine o(b).
14
Let h(t) = 6*t. Let p(s) = -s + 1. Let l(a) = h(a) + 2*p(a). Let k(w) = -1. Let i(m) = 5*k(m) - l(m). Determine i(-3).
5
Suppose -2*r = -48 + 44. Suppose -5*p + 38 = -4*u, -u - r - 15 = -2*p. Let d(c) = 6 + p*c + 6*c + 7*c - 24*c. Calculate d(0).
6
Let n(u) = 59*u**3 + 11*u**2 + 62 - 40 - 58*u**3 + 14*u. What is n(-10)?
-18
Let a = 372 - 369. Suppose -5*x = 2*s - 35, 9 - 24 = -a*x. Let g(i) = -i**2 + 5*i - 7. Determine g(s).
-7
Let d(n) = 2*n**2 + 5*n + 3. Let t be -4*1/(-24) - (-22)/12. Let x(u) = 8 - t - u - 1 - 3*u. Let i be x(2). What is d(i)?
6
Let k be 0 + -1 - -5 - 1. Let y(i) be the first derivative of 2*i**3/3 + i**2/2 + 3*i + 34917. Determine y(k).
24
Let r(d) = -d**3 + 13*d**2 - d. Let u(c) = -15*c**2 + c - 20. Let h(m) = r(m) + u(m). What is h(-4)?
12
Let u be 72/120 + 24/10. Let x(y) = -y**2 - 1. Let z(o) = -7*o**2 + o - 3. Let s(q) = 6*x(q) - z(q). Determine s(u).
3
Suppose -3*y = 5*v - 27, -4*y + 8 + 17 = 3*v. Suppose 0 = -3*x - 4*m + 33, -v*x - 3*m - 39 = -5*x. Let g(f) = -2 + x - f + 4*f - f. Give g(-9).
-5
Let m(u) be the third derivative of 7/6*u**3 + 0 - 1/8*u**4 - 2*u**2 - 9*u. Determine m(5).
-8
Let x(u) = u**2 - 8*u - 29. Let z(r) = r**3 + 47*r**2 + 81*r + 1621. Let w be z(-46). Give x(w).
4
Let w(o) = 5*o**2 - 4 + 3*o - 4*o - 7*o**2 + 2*o - 13*o. Calculate w(-6).
-4
Let c(j) be the first derivative of -j**4/4 + 7*j**3 - 41*j**2 + 38*j - 14110. Give c(16).
6
Suppose -10 - 54 = -8*m. Let w be 6*(6/45)/(m/50). Let k(n) = n + 6*n**2 - 2*n**2 - n**3 + 1 + 3*n. Calculate k(w).
-4
Let b(t) be the first derivative of -29*t**4/2 - t**2 + 2*t - 832. Give b(1).
-58
Let q(r) = -r**3 + r - 36. Suppose -168*y + 162*y = 0. Calculate q(y).
-36
Let d(a) = -a**3 - 14*a**2 + 30*a - 34. Let g be d(-16). Let m be (8/6)/g + (-231)/(-63). Let h(f) = -1 - f**2 - 15*f + 5*f**m + 26*f - 12*f. Give h(-1).
-6
Let l be ((-86)/(-129))/(-1 + (-22)/(-24)). Let p be (-6 - l) + 12/3. Let a(b) = -4*b + 14. Give a(p).
-10
Let d be 2/(-3) + (-16)/(-6). Let i(s) = 226*s. Let b(x) = -72*x. Let h(a) = -47*b(a) - 15*i(a). What is h(d)?
-12
Let s(d) = -627*d**3 + 28*d**2 - 158*d - 172. Let w(k) = -134*k**3 + 6*k**2 - 34*k - 37. Let l(f) = 8*s(f) - 37*w(f). Give l(-1).
59
Let n(w) = -w**2 - 13*w + 143. Suppose 3*y + 3*k - 9 = 0, -369*y + k - 10 = -371*y. Determine n(y).
3
Let w(l) = 17778*l - 35535*l + 17773*l + 30 + 20. Give w(-3).
2
Suppose -3*s = -z - 5*s - 1, -5*z - 31 = -3*s. Let k(h) = 7*h + h**2 - 7*h**2 + 7 + 9*h**2 - 4*h**2 - 4*h. Give k(z).
-33
Let r = 1/50156 - -25077/50156. Let b(d) be the second derivative of r*d**2 + 0 + 24*d - 1/3*d**3. Determine b(-7).
15
Suppose 0 = 4*y - 2*w + 28, -317*y + 3*w + 13 = -316*y. Let b(s) = s**3 + 10*s**2 - 3*s + 11. Give b(y).
-77
Suppose -5*s + 31 = 16. Suppose -26 = -s*k - 44. Let h(g) = g**3 + 5*g**2 - 7*g. Give h(k).
6
Let a(v) = 5*v**2 - 59*v + 12. Let x(j) = 4*j**2 + 72*j + 319. Let c be x(-11). What is a(c)?
-32
Let u(q) = -q**2 + 21*q + 15. Let y = -147 - -169. What is u(y)?
-7
Suppose -14*f + 39*f = -13*f - 38. Let o(d) = -5*d**2 - 11*d - 4. Give o(f).
2
Let r(q) = 44 - 13*q + 7 + 2*q - 4. Determine r(5).
-8
Let g(i) = -3*i**2 + 4*i - 3. Let h(n) = -2*n + 2. Suppose -17*z + 111 - 162 = 0. Let y(x) = z*h(x) - g(x). What is y(2)?
13
Let q(l) = 4*l - 6. Let g(a) = -1. Let o(i) = 3*g(i) + q(i). Let t(h) = -h**2 + 894*h - 7081. Let j be t(8). What is o(j)?
19
Let d = -3164 + 3164. Let j(l) = -2*l - 25. Give j(d).
-25
Let k(c) = 3*c**2 - 6*c - 14. Let m(i) = -3. Let o be -5*(-27)/(-90)*(-16)/(-6). Let n(b) = o*m(b) + k(b). Calculate n(3).
7
Let z(o) = 4*o + 2. Let j(p) = -15*p - 36. Let a(s) = -j(s) - 4*z(s). Calculate a(8).
20
Let f(w) be the first derivative of -6*w**2 + 0*w - 7 + 1/24*w**4 - 2*w**3 - 1/60*w**5. Let t(v) be the second derivative of f(v). Determine t(0).
-12
Let h = -4 - -2. Let l(m) be the second derivative of -7*m**3/6 + m**2 - 3358*m. What is l(h)?
16
Let q(k) = -2*k**2 - 31*k + 5. Let l be (-15)/((40/(-5) + 10)*(-2)/(-4)). Calculate q(l).
20
Let z = -91 - -82. Let x(o) = -5*o**3 + 18*o**2 + 2*o + 29. Let r(l) = -l**3 + 5*l**2 + l + 7. Let t(c) = -9*r(c) + 2*x(c). Determine t(z).
40
Let v(p) = -2*p**2 + 2. Let b(i) = i**2 - 3*i - 2. Let q = 400 + -398. Let t be b(q). What is v(t)?
-30
Let g(s) = s + 4. Let y = 13 + -9. Let j(n) = 5*n - n**3 - y + 9*n**2 + 11*n + 6*n**2. Let u be j(16). Calculate g(u).
0
Let t(c) be the third derivative of c**4/24 + 2*c**3 - 2*c**2 + 1012. Determine t(-10).
2
Let j(h) = -h + 1. Let m(b) = 5*b - 6. Let v(l) = 7*l - 7. Let x(q) = 7*m(q) - 6*v(q). Let k(n) = 2*j(n) - x(n). Give k(3).
17
Let i(f) = 2*f**3 - 32*f**2 + 3*f - 72. Let l(t) = -120*t - 4304. Let b be l(-36). Calculate i(b).
-24
Let h(o) = 2*o + 4. Suppose -290*r + 6 = -289*r + 5*q, 4*r + 4*q = -8. What is h(r)?
-4
Suppose 8 - 8 = 8*k. Suppose k = 2*u - 5*u + 5*u. Let y(s) = s**3 - s**2 - 1. Determine y(u).
-1
Let i = -430 + 751. Let c = i + -328. Let f(u) = 2*u + 1. Determine f(c).
-13
Suppose 6 = -2*i + 3*n + 16, -3*n - 13 = i. Let d(o) = o**3 - o**2 + 1. Let h(q) = 2*q**3 + 2*q**2 - 4*q + 4. Let k(g) = i*h(g) + d(g). Calculate k(-4).
-3
Let g(q) = 2*q**2 - 2*q - 3. Let b = 134 + -95. Let v = b - 39. Suppose v = -o - 2*c - 8, 6*o - 4*o + c = -7. What is g(o)?
9
Let d(u) = -49*u + 3. Let c be (-42)/12*20/70. Determine d(c).
52
Let o(x) = 410*x + 51. Let j be o(20). Let d(q) = -5*q + 8*q - 8253*q**2 - 1 + j*q**2. Determine d(2).
-3
Let z(r) = 5*r**2 - r + 1. Let l(p) = 13*p**2 - p + 14. Let f(j) = -3*j**2 - 3. Let a(b) = 9*f(b) + 2*l(b). Let x be a(-2). Give z(x).
5
Let z(o) = -o**2 - 5*o + 6. Let x be z(-5). Let h(i) be the second derivative of -i**4/12 + i**3 - 7*i**2/2 - 21*i - 1. Calculate h(x).
-7
Let w(t) = -99*t + 1806 + 101*t - 1801. Suppose f + 2 + 2 = 0. Determine w(f).
-3
Let g = 84 + -75. Let d(p) = -51*p + 6*p**3 + 59*p - 7*p**3 + g*p**2 + 5. Give d(10).
-15
Suppose 4*x + 4*t + 6 = -2, 8 = 2*x - 4*t. Let n be 1*(x + 3 - 4). Let m(g) be the second derivative of g**5/4 - g**4/12 - 85*g. Give m(n).
-6
Let b(q) = q**3 + 9*q**2 + 7*q - 4. Let c(t) = -2*t + 43. Let m be c(18). Suppose -2*j - 3*v - m = 9, -5*j + 5*v - 40 = 0. Determine b(j).
4
Let b(j) = -2*j**3 - 2*j**2 + j. Let n(u) = -11*u**3 - 8*u**2 + 10*u + 3. Let m(z) = 4*b(z) - n(z). What is m(-2)?
-15
Let y(g) = -2*g**2 + 5*g + 10. Suppose -2*i - 5*t = 38, 6*i + 36 = 10*t - 12*t. Calculate y(i).
-42
Let h(c) = -c + 3. Let l = -48 + 56. Suppose 2*i - 6 = -2*m, -5*m + 3*i = -23 + l. Let z be 1*3/m*-3. Give h(z).
6
Let a(k) = 10*k**3 + 3*k - 3. Suppose -111 = 12*p - 123. What is a(p)?
10
Suppose 56*p - 165 = p. Let s(x) = -15 - 13*x - 68*x**2 - 5*x + 83*x**2 + x**p - 24. Determine s(-16).
-7
Let d(x) be the third derivative of -x**5/60 + x**4/24 + 4*x**3/3 + 56*x**2 - 1. Determine d(-3).
-4
Let w(j) = 187 - 56 + 44 - 37*j. Give w(5).
-10
Let d(m) = 71*m**2 - 195*m**2 + 72*m**2 + 15*m + 4 - 2*m + 51*m**2. Give d(11).
26
Suppose -5*x + 5 = 3*p - 8, -5*p + 3 = -x. Suppose 15 = 2*t + o, -6*o = -2*t - 4*o. Let y(v) = -x - v + t*v + v. What is y(2)?
8
Let q(l) = l**3 - 4*l**2 + 2. Let w(o) = -o**3 + o**2 + 3*o. Let t be w(2). Suppose -7*g = -3*g, t*i = -5*g - 12. Let s = i + 9. Determine q(s).
-7
Suppose -7947 = 28*x - 7499. Let y(s) = -s**3 - 15*s**2 + 13*s - 32. Calculate y(x).
16
Let a(c) be the second derivative of -2*c + 55 + 2*c**2 + 1/6*c**3. Give a(8).
12
Let q(z) be the first derivative of z**3/3 - 11*z**2/2 + 9*z + 395. Let c(j) = j**2 - 11*j + 10. Let u be c(11). Determine q(u).
-1
Let j be 3/((-24)/(-358)) - 24/32. Suppose -j + 74 = 5*t. Let b(k) = 0 + 2 + 3 + 3 - 2*k. Calculate b(t).
-4
Let h(j) = -3*j**2 - 18*j + 2. Let m(p) = 39*p**2 + 234*p - 27. Let r(b) = 5*b**2 + 16*b + 30. Let n be r(-3). Let x(o) = n*h(o) + 2*m(o). Give x(-6).
0
Let z = 11 + -3. Let n = 169 + -24. Let v(t) = 2*t**3 + 134 + 0*t**3 - 7*t - n - t**3 - 7*t**2. What is v(z)?
-3
Let z(i) be the third derivative of i**6/120 + i**5/12 + i**4/12 + i**3 + 649*i**2. What is z(-5)?
-4
Let o(r) = 3*r**2 - 9*r - 8. Let w(j) = 336 - 333 + 3*j**2 + 5*j - 3*j**2 - 4*j - j**2. Let z(i) = o(i) + 